{"id":11,"date":"2020-01-07T09:36:11","date_gmt":"2020-01-07T09:36:11","guid":{"rendered":"https:\/\/quirustetic.com\/?page_id=11"},"modified":"2024-04-02T01:28:23","modified_gmt":"2024-04-02T01:28:23","slug":"pricing","status":"publish","type":"page","link":"http:\/\/quirustetic.com\/index.php\/pricing\/","title":{"rendered":"Derechos y deberes del usuario"},"content":{"rendered":"<p><div class=\"fusion-fullwidth fullwidth-box fusion-builder-row-1 fusion-flex-container fusion-parallax-none nonhundred-percent-fullwidth non-hundred-percent-height-scrolling lazyload\" style=\"--awb-border-radius-top-left:0px;--awb-border-radius-top-right:0px;--awb-border-radius-bottom-right:0px;--awb-border-radius-bottom-left:0px;--awb-padding-top:14%;--awb-padding-bottom:16%;--awb-background-image:linear-gradient(180deg, rgba(19,24,68,0.16) 0%,rgba(19,24,68,0.34) 100%);;--awb-background-size:cover;--awb-flex-wrap:wrap;\" data-bg=\"https:\/\/quirustetic.com\/wp-content\/uploads\/2024\/04\/close-up-doctor-with-mask-chec-scaled.jpg\" data-bg-gradient=\"linear-gradient(180deg, rgba(19,24,68,0.16) 0%,rgba(19,24,68,0.34) 100%)\" ><div class=\"fusion-builder-row fusion-row fusion-flex-align-items-stretch fusion-flex-content-wrap\" style=\"max-width:calc( 1280px + 0px );margin-left: calc(-0px \/ 2 );margin-right: calc(-0px \/ 2 );\"><div class=\"fusion-layout-column fusion_builder_column fusion-builder-column-0 fusion_builder_column_1_1 1_1 fusion-flex-column fusion-flex-align-self-flex-start fusion-column-no-min-height fusion-animated\" style=\"--awb-bg-size:cover;--awb-width-large:100%;--awb-margin-top-large:0px;--awb-spacing-right-large:0px;--awb-margin-bottom-large:20px;--awb-spacing-left-large:0px;--awb-width-medium:100%;--awb-spacing-right-medium:0px;--awb-spacing-left-medium:0px;--awb-width-small:100%;--awb-spacing-right-small:0px;--awb-spacing-left-small:0px;\" data-animationType=\"fadeInDown\" data-animationDuration=\"1.0\" data-animationOffset=\"top-into-view\"><div class=\"fusion-column-wrapper fusion-column-has-shadow fusion-flex-justify-content-flex-start fusion-content-layout-column\"><div class=\"fusion-text fusion-text-1\" style=\"--awb-content-alignment:center;--awb-font-size:18px;--awb-line-height:1.8;--awb-letter-spacing:0.005em;--awb-text-transform:var(--awb-typography4-text-transform);--awb-text-color:var(--awb-color1);--awb-text-font-family:&quot;Outfit&quot;;--awb-text-font-style:normal;--awb-text-font-weight:300;\"><p class=\"elementor-heading-title elementor-size-default\">Derechos y deberes del usuario<\/p>\n<\/div><div class=\"fusion-title title fusion-title-1 fusion-sep-none fusion-title-center fusion-title-text fusion-title-size-one\" style=\"--awb-text-color:var(--awb-color1);--awb-margin-top:15px;--awb-font-size:55px;\"><h1 class=\"fusion-title-heading title-heading-center fusion-responsive-typography-calculated\" style=\"font-family:Georgia, serif;font-style:normal;font-weight:400;margin:0;font-size:1em;letter-spacing:0.005em;text-transform:none;--fontSize:55;line-height:1.2;\"><p class=\"premium-banner-ib-title premium_banner_title\">Gu\u00eda de Usuario<\/p><\/h1><\/div><\/div><\/div><\/div><\/div><div class=\"fusion-fullwidth fullwidth-box fusion-builder-row-2 fusion-flex-container has-pattern-background has-mask-background nonhundred-percent-fullwidth non-hundred-percent-height-scrolling\" style=\"--awb-border-radius-top-left:0px;--awb-border-radius-top-right:0px;--awb-border-radius-bottom-right:0px;--awb-border-radius-bottom-left:0px;--awb-flex-wrap:wrap;\" ><div class=\"fusion-builder-row fusion-row fusion-flex-align-items-flex-start fusion-flex-content-wrap\" style=\"max-width:1331.2px;margin-left: calc(-4% \/ 2 );margin-right: calc(-4% \/ 2 );\"><div class=\"fusion-layout-column fusion_builder_column fusion-builder-column-1 fusion_builder_column_1_1 1_1 fusion-flex-column\" style=\"--awb-bg-size:cover;--awb-width-large:100%;--awb-margin-top-large:0px;--awb-spacing-right-large:1.92%;--awb-margin-bottom-large:20px;--awb-spacing-left-large:1.92%;--awb-width-medium:100%;--awb-order-medium:0;--awb-spacing-right-medium:1.92%;--awb-spacing-left-medium:1.92%;--awb-width-small:100%;--awb-order-small:0;--awb-spacing-right-small:1.92%;--awb-spacing-left-small:1.92%;\"><div class=\"fusion-column-wrapper fusion-column-has-shadow fusion-flex-justify-content-flex-start fusion-content-layout-column\"><div class=\"fusion-separator\" style=\"align-self: center;margin-left: auto;margin-right: auto;margin-top:-1px;width:100%;max-width:1920px;\"><div class=\"fusion-separator-border sep-single sep-solid\" style=\"--awb-height:20px;--awb-amount:20px;--awb-sep-color:var(--awb-custom_color_1);border-color:var(--awb-custom_color_1);border-top-width:6px;\"><\/div><\/div><\/div><\/div><\/div><\/div><div class=\"fusion-fullwidth fullwidth-box fusion-builder-row-3 fusion-flex-container nonhundred-percent-fullwidth non-hundred-percent-height-scrolling\" style=\"--awb-border-radius-top-left:0px;--awb-border-radius-top-right:0px;--awb-border-radius-bottom-right:0px;--awb-border-radius-bottom-left:0px;--awb-padding-top:6%;--awb-padding-bottom:4%;--awb-flex-wrap:wrap;\" ><div class=\"fusion-builder-row fusion-row fusion-flex-align-items-flex-start fusion-flex-content-wrap\" style=\"max-width:1331.2px;margin-left: calc(-4% \/ 2 );margin-right: calc(-4% \/ 2 );\"><div class=\"fusion-layout-column fusion_builder_column fusion-builder-column-2 fusion_builder_column_1_1 1_1 fusion-flex-column fusion-animated\" style=\"--awb-padding-right:60px;--awb-padding-left:60px;--awb-bg-size:cover;--awb-width-large:100%;--awb-margin-top-large:0px;--awb-spacing-right-large:1.92%;--awb-margin-bottom-large:20px;--awb-spacing-left-large:1.92%;--awb-width-medium:100%;--awb-spacing-right-medium:1.92%;--awb-spacing-left-medium:1.92%;--awb-width-small:100%;--awb-spacing-right-small:1.92%;--awb-spacing-left-small:1.92%;\" data-animationType=\"fadeInDown\" data-animationDuration=\"1.0\" data-animationOffset=\"top-into-view\"><div class=\"fusion-column-wrapper fusion-column-has-shadow fusion-flex-justify-content-flex-start fusion-content-layout-column\"><div class=\"fusion-text fusion-text-2\" style=\"--awb-font-size:18px;--awb-line-height:1.8;--awb-letter-spacing:0.005em;--awb-text-transform:var(--awb-typography4-text-transform);--awb-text-color:#404040;--awb-text-font-family:&quot;Outfit&quot;;--awb-text-font-style:normal;--awb-text-font-weight:300;\"><p>Es una pol\u00edtica gerencial. La observancia de los derechos y deberes de nuestros usuarios por parte de los involucrados en la atenci\u00f3n y la prestaci\u00f3n de los servicios de la Cl\u00ednica facilita una mejor atenci\u00f3n, relaci\u00f3n paciente \u2013 m\u00e9dico y tranquilidad durante su estad\u00eda.<\/p>\n<p><strong>Derechos de los usuarios<\/strong><br \/>Todos los colaboradores de la&nbsp;<strong>IPS QUIRUSTETIC<\/strong>&nbsp;reconocemos y estamos comprometidos a velar por el cumplimiento de sus derechos como paciente sin diferencia de credo religioso, raza y nivel socioecon\u00f3mico:<\/p>\n<\/div><div class=\"fusion-text fusion-text-3\" style=\"--awb-font-size:18px;--awb-line-height:1.8;--awb-letter-spacing:0.005em;--awb-text-transform:var(--awb-typography4-text-transform);--awb-text-color:#404040;--awb-text-font-family:&quot;Outfit&quot;;--awb-text-font-style:normal;--awb-text-font-weight:300;\"><ul>\n<li>Derecho a recibir un trato digno, humano y \u00e9tico.<\/li>\n<li>Derecho a elegir libremente el m\u00e9dico responsable de su atenci\u00f3n.<\/li>\n<li>Derecho a que se proteja su seguridad personal por encima de cualquier circunstancia.<\/li>\n<li>Derecho a recibir la mejor asistencia m\u00e9dica disponible y suficiente, con calidad y oportunidad.<\/li>\n<li>Derecho a recibir informaci\u00f3n clara y completa de acuerdo con el procedimiento a realizarse.<\/li>\n<li>Derecho a una comunicaci\u00f3n clara y comprensible, a preguntar inquietudes respecto a su atenci\u00f3n.<\/li>\n<li>Derecho a expresar y a que se tengan en cuenta sus deseos, necesidades y decisiones.<\/li>\n<li>Derecho a la privacidad y al manejo confidencial de la informaci\u00f3n relacionada con su atenci\u00f3n.<\/li>\n<li>Derecho a la cercan\u00eda de su familia y allegados en el marco de las pol\u00edticas institucionales.<\/li>\n<\/ul>\n<\/div><div class=\"fusion-text fusion-text-4\" style=\"--awb-content-alignment:left;--awb-font-size:22px;--awb-line-height:1.8;--awb-letter-spacing:0.005em;--awb-text-transform:var(--awb-typography4-text-transform);--awb-text-color:#404040;--awb-text-font-family:&quot;Outfit&quot;;--awb-text-font-style:normal;--awb-text-font-weight:300;\"><p class=\"elementor-heading-title elementor-size-default\">Deberes de los usuarios<\/p>\n<\/div><div class=\"fusion-text fusion-text-5\" style=\"--awb-font-size:18px;--awb-line-height:1.8;--awb-letter-spacing:0.005em;--awb-text-transform:var(--awb-typography4-text-transform);--awb-text-color:#404040;--awb-text-font-family:&quot;Outfit&quot;;--awb-text-font-style:normal;--awb-text-font-weight:300;\"><p>Usted como paciente debe asumir una participaci\u00f3n activa y responsable para garantizar su seguridad y adecuada convivencia durante la estad\u00eda en la Cl\u00ednica:<\/p>\n<\/div><div class=\"fusion-text fusion-text-6\" style=\"--awb-font-size:18px;--awb-line-height:1.8;--awb-letter-spacing:0.005em;--awb-text-transform:var(--awb-typography4-text-transform);--awb-text-color:#404040;--awb-text-font-family:&quot;Outfit&quot;;--awb-text-font-style:normal;--awb-text-font-weight:300;\"><ul>\n<li>Identificarse en la Instituci\u00f3n, presentando la documentaci\u00f3n que certifique su identidad.<\/li>\n<li>Acatar las normas institucionales respetando las pol\u00edticas, normas e instrucciones que le entreguen.<\/li>\n<li>Brindar un trato respetuoso y digno a las dem\u00e1s personas con las que se relacione en la Instituci\u00f3n.<\/li>\n<li>Respetar la intimidad de los dem\u00e1s pacientes.<\/li>\n<li>Suministrar toda la informaci\u00f3n en forma oportuna, clara, veraz y completa acerca de las circunstancias relacionadas con su estado de salud.<\/li>\n<li>Responsabilizarse del cuidado de los objetos personales que traiga.<\/li>\n<li>Participar activamente en su proceso de atenci\u00f3n, tratamiento y recomendaciones de autocuidado.<\/li>\n<li>Comprometerse con el contenido del consentimiento informado.<\/li>\n<li>Informar sobre hechos que atenten contra la seguridad suya y de la Instituci\u00f3n.<\/li>\n<li>Derecho a expresar y a que se tengan en cuenta sus deseos, necesidades y decisiones.<\/li>\n<li>Derecho a la privacidad y al manejo confidencial de la informaci\u00f3n relacionada con su atenci\u00f3n.<\/li>\n<li>Derecho a la cercan\u00eda de su familia y allegados en el marco de las pol\u00edticas institucionales.<\/li>\n<\/ul>\n<\/div><\/div><\/div><\/div><\/div><\/p>\n","protected":false},"excerpt":{"rendered":"","protected":false},"author":1,"featured_media":0,"parent":0,"menu_order":0,"comment_status":"closed","ping_status":"closed","template":"100-width.php","meta":{"footnotes":""},"class_list":["post-11","page","type-page","status-publish","hentry"],"acf":[],"_links":{"self":[{"href":"http:\/\/quirustetic.com\/index.php\/wp-json\/wp\/v2\/pages\/11","targetHints":{"allow":["GET"]}}],"collection":[{"href":"http:\/\/quirustetic.com\/index.php\/wp-json\/wp\/v2\/pages"}],"about":[{"href":"http:\/\/quirustetic.com\/index.php\/wp-json\/wp\/v2\/types\/page"}],"author":[{"embeddable":true,"href":"http:\/\/quirustetic.com\/index.php\/wp-json\/wp\/v2\/users\/1"}],"replies":[{"embeddable":true,"href":"http:\/\/quirustetic.com\/index.php\/wp-json\/wp\/v2\/comments?post=11"}],"version-history":[{"count":8,"href":"http:\/\/quirustetic.com\/index.php\/wp-json\/wp\/v2\/pages\/11\/revisions"}],"predecessor-version":[{"id":8273,"href":"http:\/\/quirustetic.com\/index.php\/wp-json\/wp\/v2\/pages\/11\/revisions\/8273"}],"wp:attachment":[{"href":"http:\/\/quirustetic.com\/index.php\/wp-json\/wp\/v2\/media?parent=11"}],"curies":[{"name":"wp","href":"https:\/\/api.w.org\/{rel}","templated":true}]}}