{"id":8263,"date":"2024-04-01T20:23:23","date_gmt":"2024-04-01T20:23:23","guid":{"rendered":"https:\/\/quirustetic.com\/?page_id=8263"},"modified":"2024-04-02T01:46:37","modified_gmt":"2024-04-02T01:46:37","slug":"asociacion-de-pacientes-de-quirustetic","status":"publish","type":"page","link":"http:\/\/quirustetic.com\/index.php\/asociacion-de-pacientes-de-quirustetic\/","title":{"rendered":"Asociaci\u00f3n de Pacientes de QuiruStetic"},"content":{"rendered":"<p><div class=\"fusion-fullwidth fullwidth-box fusion-builder-row-1 fusion-flex-container fusion-parallax-none nonhundred-percent-fullwidth non-hundred-percent-height-scrolling lazyload\" style=\"--awb-border-radius-top-left:0px;--awb-border-radius-top-right:0px;--awb-border-radius-bottom-right:0px;--awb-border-radius-bottom-left:0px;--awb-padding-top:14%;--awb-padding-bottom:22%;--awb-background-image:linear-gradient(180deg, rgba(19,24,68,0.16) 0%,rgba(19,24,68,0.34) 100%);;--awb-background-size:cover;--awb-flex-wrap:wrap;\" data-bg=\"https:\/\/quirustetic.com\/wp-content\/uploads\/2024\/04\/close-up-doctor-with-mask-chec-scaled.jpg\" data-bg-gradient=\"linear-gradient(180deg, rgba(19,24,68,0.16) 0%,rgba(19,24,68,0.34) 100%)\" ><div class=\"fusion-builder-row fusion-row fusion-flex-align-items-stretch fusion-flex-content-wrap\" style=\"max-width:calc( 1280px + 0px );margin-left: calc(-0px \/ 2 );margin-right: calc(-0px \/ 2 );\"><div class=\"fusion-layout-column fusion_builder_column fusion-builder-column-0 fusion_builder_column_1_1 1_1 fusion-flex-column fusion-flex-align-self-flex-start fusion-column-no-min-height fusion-animated\" style=\"--awb-bg-size:cover;--awb-width-large:100%;--awb-margin-top-large:0px;--awb-spacing-right-large:0px;--awb-margin-bottom-large:20px;--awb-spacing-left-large:0px;--awb-width-medium:100%;--awb-spacing-right-medium:0px;--awb-spacing-left-medium:0px;--awb-width-small:100%;--awb-spacing-right-small:0px;--awb-spacing-left-small:0px;\" data-animationType=\"fadeInDown\" data-animationDuration=\"1.0\" data-animationOffset=\"top-into-view\"><div class=\"fusion-column-wrapper fusion-column-has-shadow fusion-flex-justify-content-flex-start fusion-content-layout-column\"><div class=\"fusion-title title fusion-title-1 fusion-sep-none fusion-title-center fusion-title-text fusion-title-size-one\" style=\"--awb-text-color:var(--awb-color1);--awb-margin-top:15px;--awb-font-size:55px;\"><h1 class=\"fusion-title-heading title-heading-center fusion-responsive-typography-calculated\" style=\"font-family:Georgia, serif;font-style:normal;font-weight:400;margin:0;font-size:1em;letter-spacing:0.005em;text-transform:none;--fontSize:55;line-height:1.2;\"><p class=\"elementor-heading-title elementor-size-default\">Asociaci\u00f3n de Pacientes de QuiruStetic<\/p><\/h1><\/div><\/div><\/div><\/div><\/div><div class=\"fusion-fullwidth fullwidth-box fusion-builder-row-2 fusion-flex-container has-pattern-background has-mask-background nonhundred-percent-fullwidth non-hundred-percent-height-scrolling\" style=\"--awb-border-radius-top-left:0px;--awb-border-radius-top-right:0px;--awb-border-radius-bottom-right:0px;--awb-border-radius-bottom-left:0px;--awb-padding-top:38px;--awb-flex-wrap:wrap;\" ><div class=\"fusion-builder-row fusion-row fusion-flex-align-items-flex-start fusion-flex-content-wrap\" style=\"max-width:1331.2px;margin-left: calc(-4% \/ 2 );margin-right: calc(-4% \/ 2 );\"><div class=\"fusion-layout-column fusion_builder_column fusion-builder-column-1 fusion_builder_column_1_1 1_1 fusion-flex-column\" style=\"--awb-bg-size:cover;--awb-width-large:100%;--awb-margin-top-large:0px;--awb-spacing-right-large:1.92%;--awb-margin-bottom-large:20px;--awb-spacing-left-large:1.92%;--awb-width-medium:100%;--awb-order-medium:0;--awb-spacing-right-medium:1.92%;--awb-spacing-left-medium:1.92%;--awb-width-small:100%;--awb-order-small:0;--awb-spacing-right-small:1.92%;--awb-spacing-left-small:1.92%;\"><div class=\"fusion-column-wrapper fusion-column-has-shadow fusion-flex-justify-content-flex-start fusion-content-layout-column\"><div class=\"accordian fusion-accordian\" style=\"--awb-border-size:1px;--awb-icon-size:20px;--awb-content-font-size:14px;--awb-icon-alignment:left;--awb-hover-color:hsla(var(--awb-color8-h),var(--awb-color8-s),calc( var(--awb-color8-l) + 98% ),var(--awb-color8-a));--awb-border-color:hsla(var(--awb-color8-h),var(--awb-color8-s),calc( var(--awb-color8-l) + 80% ),var(--awb-color8-a));--awb-background-color:var(--awb-color1);--awb-divider-color:var(--awb-color2);--awb-divider-hover-color:var(--awb-color2);--awb-icon-color:var(--awb-color1);--awb-title-color:var(--awb-color7);--awb-content-color:var(--awb-color5);--awb-icon-box-color:var(--awb-custom_color_1);--awb-toggle-hover-accent-color:var(--awb-custom_color_2);--awb-title-font-family:&quot;Poppins&quot;;--awb-title-font-weight:600;--awb-title-font-style:normal;--awb-title-font-size:18px;--awb-content-font-family:&quot;Roboto&quot;;--awb-content-font-style:normal;--awb-content-font-weight:regular;\"><div class=\"panel-group fusion-toggle-icon-boxed\" id=\"accordion-8263-1\"><div class=\"fusion-panel panel-default panel-ba49a7edc3f1f294d fusion-toggle-no-divider fusion-toggle-boxed-mode\" style=\"--awb-content-font-size:15px;--awb-title-font-size:15px;\"><div class=\"panel-heading\"><h4 class=\"panel-title toggle\" id=\"toggle_ba49a7edc3f1f294d\"><a aria-expanded=\"false\" aria-controls=\"ba49a7edc3f1f294d\" role=\"button\" data-toggle=\"collapse\" data-parent=\"#accordion-8263-1\" data-target=\"#ba49a7edc3f1f294d\" href=\"#ba49a7edc3f1f294d\"><span class=\"fusion-toggle-icon-wrapper\" aria-hidden=\"true\"><i class=\"fa-fusion-box active-icon awb-icon-minus\" aria-hidden=\"true\"><\/i><i class=\"fa-fusion-box inactive-icon fa-angle-right fas\" aria-hidden=\"true\"><\/i><\/span><span class=\"fusion-toggle-heading\">\u00bfQu\u00e9 es la Asociaci\u00f3n de Pacientes de QuiruStetic \u2013 APQ \u2013?<\/span><\/a><\/h4><\/div><div id=\"ba49a7edc3f1f294d\" class=\"panel-collapse collapse \" aria-labelledby=\"toggle_ba49a7edc3f1f294d\"><div class=\"panel-body toggle-content fusion-clearfix\">\n<p>Son todas aquellas personas que han tenido alg\u00fan contacto con la IPS QuiruStetic, nacionales y\/o internacionales, con seguridad social o no, que tienen derecho a recibir una atenci\u00f3n con calidad, a promover su salud y a utilizar los servicios de salud de acuerdo con su inter\u00e9s en cirug\u00eda pl\u00e1stica y est\u00e9tica, quienes a su vez velar\u00e1n fundamentalmente por la calidad del servicio y la defensa de los derechos y deberes de todos los dem\u00e1s usuarios.<\/p>\n<\/div><\/div><\/div><div class=\"fusion-panel panel-default panel-f77e0f229d02193b9 fusion-toggle-no-divider fusion-toggle-boxed-mode\" style=\"--awb-content-font-size:15px;--awb-title-font-size:15px;\"><div class=\"panel-heading\"><h4 class=\"panel-title toggle\" id=\"toggle_f77e0f229d02193b9\"><a aria-expanded=\"false\" aria-controls=\"f77e0f229d02193b9\" role=\"button\" data-toggle=\"collapse\" data-parent=\"#accordion-8263-1\" data-target=\"#f77e0f229d02193b9\" href=\"#f77e0f229d02193b9\"><span class=\"fusion-toggle-icon-wrapper\" aria-hidden=\"true\"><i class=\"fa-fusion-box active-icon awb-icon-minus\" aria-hidden=\"true\"><\/i><i class=\"fa-fusion-box inactive-icon fa-angle-right fas\" aria-hidden=\"true\"><\/i><\/span><span class=\"fusion-toggle-heading\">\u00bfQui\u00e9nes pueden pertenecer?<\/span><\/a><\/h4><\/div><div id=\"f77e0f229d02193b9\" class=\"panel-collapse collapse \" aria-labelledby=\"toggle_f77e0f229d02193b9\"><div class=\"panel-body toggle-content fusion-clearfix\">\n<p>Todas las personas que se hayan realizado alg\u00fan procedimiento quir\u00fargico o que han participado en alg\u00fan momento de los diferentes servicios que ofrece la IPS QuiruStetic, pueden estar o no afiliados al Sistema General de Seguridad Social en Salud y ser pacientes nacionales y\/o internacionales. dictum. Phasellus consequat nulla commodo porta faucibus. Ut in consequat nisi, ut sollicitudin tellus.<\/p>\n<\/div><\/div><\/div><div class=\"fusion-panel panel-default panel-106f12aac258d11e7 fusion-toggle-no-divider fusion-toggle-boxed-mode\" style=\"--awb-content-font-size:15px;--awb-title-font-size:15px;\"><div class=\"panel-heading\"><h4 class=\"panel-title toggle\" id=\"toggle_106f12aac258d11e7\"><a aria-expanded=\"false\" aria-controls=\"106f12aac258d11e7\" role=\"button\" data-toggle=\"collapse\" data-parent=\"#accordion-8263-1\" data-target=\"#106f12aac258d11e7\" href=\"#106f12aac258d11e7\"><span class=\"fusion-toggle-icon-wrapper\" aria-hidden=\"true\"><i class=\"fa-fusion-box active-icon awb-icon-minus\" aria-hidden=\"true\"><\/i><i class=\"fa-fusion-box inactive-icon fa-angle-right fas\" aria-hidden=\"true\"><\/i><\/span><span class=\"fusion-toggle-heading\">\u00bfEn d\u00f3nde deben constituirse?<\/span><\/a><\/h4><\/div><div id=\"106f12aac258d11e7\" class=\"panel-collapse collapse \" aria-labelledby=\"toggle_106f12aac258d11e7\"><div class=\"panel-body toggle-content fusion-clearfix\">\n<p>La IPS QuiruStetic como Instituci\u00f3n Prestadora de Servicios de Salud, IPS, debe crear una liga de usuarios o asociaci\u00f3n que permita la participaci\u00f3n activa de los usuarios o pacientes que han tenido la oportunidad de estar en un servicio de los que ofrece la instituci\u00f3n. Como IPS privada, QuiruStetic, ha creado la Asociaci\u00f3n de Pacientes de QuiruStetic \u2013 APQ \u2013 y la cuenta de correo electr\u00f3nico:&nbsp;<strong>participacionciudadana@quirustetic.com<\/strong><\/p>\n<\/div><\/div><\/div><div class=\"fusion-panel panel-default panel-77be6b1817fa03858 fusion-toggle-no-divider fusion-toggle-boxed-mode\" style=\"--awb-content-font-size:15px;--awb-title-font-size:15px;\"><div class=\"panel-heading\"><h4 class=\"panel-title toggle\" id=\"toggle_77be6b1817fa03858\"><a aria-expanded=\"false\" aria-controls=\"77be6b1817fa03858\" role=\"button\" data-toggle=\"collapse\" data-parent=\"#accordion-8263-1\" data-target=\"#77be6b1817fa03858\" href=\"#77be6b1817fa03858\"><span class=\"fusion-toggle-icon-wrapper\" aria-hidden=\"true\"><i class=\"fa-fusion-box active-icon awb-icon-minus\" aria-hidden=\"true\"><\/i><i class=\"fa-fusion-box inactive-icon fa-angle-right fas\" aria-hidden=\"true\"><\/i><\/span><span class=\"fusion-toggle-heading\">\u00bfPara qu\u00e9 sirve?<\/span><\/a><\/h4><\/div><div id=\"77be6b1817fa03858\" class=\"panel-collapse collapse \" aria-labelledby=\"toggle_77be6b1817fa03858\"><div class=\"panel-body toggle-content fusion-clearfix\">\n<p>La Asociaci\u00f3n de Paciente de QuiruStetic se conforma con el fin de vigilar la prestaci\u00f3n, calidad y oportunidad de los servicios de salud que ofrece la instituci\u00f3n, la defensa de los derechos y velar por el cumplimiento de los deberes de los usuarios.<\/p>\n<\/div><\/div><\/div><div class=\"fusion-panel panel-default panel-0ceaf7b16bd4cb0c2 fusion-toggle-no-divider fusion-toggle-boxed-mode\" style=\"--awb-content-font-size:15px;--awb-title-font-size:15px;\"><div class=\"panel-heading\"><h4 class=\"panel-title toggle\" id=\"toggle_0ceaf7b16bd4cb0c2\"><a aria-expanded=\"false\" aria-controls=\"0ceaf7b16bd4cb0c2\" role=\"button\" data-toggle=\"collapse\" data-parent=\"#accordion-8263-1\" data-target=\"#0ceaf7b16bd4cb0c2\" href=\"#0ceaf7b16bd4cb0c2\"><span class=\"fusion-toggle-icon-wrapper\" aria-hidden=\"true\"><i class=\"fa-fusion-box active-icon awb-icon-minus\" aria-hidden=\"true\"><\/i><i class=\"fa-fusion-box inactive-icon fa-angle-right fas\" aria-hidden=\"true\"><\/i><\/span><span class=\"fusion-toggle-heading\">\u00bfQu\u00e9 es ser Usuario?<\/span><\/a><\/h4><\/div><div id=\"0ceaf7b16bd4cb0c2\" class=\"panel-collapse collapse \" aria-labelledby=\"toggle_0ceaf7b16bd4cb0c2\"><div class=\"panel-body toggle-content fusion-clearfix\">\n<p>La calidad de usuario se configura cuando una persona hace uso de los servicios de salud que ofrece la IPS QuiruStetic, lo que le da el pleno Derecho y Deber a hacer parte de la correspondiente Asociaci\u00f3n o Liga de Usuarios o Pacientes.<\/p>\n<\/div><\/div><\/div><div class=\"fusion-panel panel-default panel-01bf34e78ed84b26a fusion-toggle-no-divider fusion-toggle-boxed-mode\" style=\"--awb-content-font-size:15px;--awb-title-font-size:15px;\"><div class=\"panel-heading\"><h4 class=\"panel-title toggle\" id=\"toggle_01bf34e78ed84b26a\"><a aria-expanded=\"false\" aria-controls=\"01bf34e78ed84b26a\" role=\"button\" data-toggle=\"collapse\" data-parent=\"#accordion-8263-1\" data-target=\"#01bf34e78ed84b26a\" href=\"#01bf34e78ed84b26a\"><span class=\"fusion-toggle-icon-wrapper\" aria-hidden=\"true\"><i class=\"fa-fusion-box active-icon awb-icon-minus\" aria-hidden=\"true\"><\/i><i class=\"fa-fusion-box inactive-icon fa-angle-right fas\" aria-hidden=\"true\"><\/i><\/span><span class=\"fusion-toggle-heading\">\u00bfQu\u00e9 determina ser miembro de la Asociaci\u00f3n de Pacientes de QuiruStetic?<\/span><\/a><\/h4><\/div><div id=\"01bf34e78ed84b26a\" class=\"panel-collapse collapse \" aria-labelledby=\"toggle_01bf34e78ed84b26a\"><div class=\"panel-body toggle-content fusion-clearfix\">\n<p>Es toda persona que reuniendo las condiciones de usuario anotadas anteriormente est\u00e1 inscrito en el Libro de Registro de la Asociaci\u00f3n, puede ser mediante la p\u00e1gina Web (www.quirustetic.com) o en la recepci\u00f3n principal de la instituci\u00f3n, y trabaja conjuntamente con los dem\u00e1s integrantes de manera permanente en cumplimiento de sus funciones legales, la cual acoge y acata la din\u00e1mica organizacional propuesta por la Asociaci\u00f3n de Pacientes, cuyo reglamento es el resultado de acuerdos consensuales entre los integrantes de la APQ que legalmente es reconocida.<\/p>\n<\/div><\/div><\/div><div class=\"fusion-panel panel-default panel-d77b41c5df0157a2e fusion-toggle-no-divider fusion-toggle-boxed-mode\" style=\"--awb-content-font-size:15px;--awb-title-font-size:15px;\"><div class=\"panel-heading\"><h4 class=\"panel-title toggle\" id=\"toggle_d77b41c5df0157a2e\"><a aria-expanded=\"false\" aria-controls=\"d77b41c5df0157a2e\" role=\"button\" data-toggle=\"collapse\" data-parent=\"#accordion-8263-1\" data-target=\"#d77b41c5df0157a2e\" href=\"#d77b41c5df0157a2e\"><span class=\"fusion-toggle-icon-wrapper\" aria-hidden=\"true\"><i class=\"fa-fusion-box active-icon awb-icon-minus\" aria-hidden=\"true\"><\/i><i class=\"fa-fusion-box inactive-icon fa-angle-right fas\" aria-hidden=\"true\"><\/i><\/span><span class=\"fusion-toggle-heading\">\u00bfCu\u00e1l es la normatividad que rige la Asociaci\u00f3n de Pacientes de QuiruStetic?<\/span><\/a><\/h4><\/div><div id=\"d77b41c5df0157a2e\" class=\"panel-collapse collapse \" aria-labelledby=\"toggle_d77b41c5df0157a2e\"><div class=\"panel-body toggle-content fusion-clearfix\">\n<p>La APQ est\u00e1 regida por el Decreto 1757 de 1994 y la Circular Externa 047 de 2007 de la Supersalud.<\/p>\n<ul>\n<li>Estatutos de la Asociaci\u00f3n de Pacientes Quirustetic \u2013 APQ<\/li>\n<li>Informaci\u00f3n de la Asociaci\u00f3n de Pacientes Quirustetic \u2013 APQ<\/li>\n<li>Integrantes de la APQ<\/li>\n<li>Decreto 1757 De 1994<\/li>\n<\/ul>\n<\/div><\/div><\/div><\/div><\/div><\/div><\/div><\/div><\/div><\/p>\n","protected":false},"excerpt":{"rendered":"","protected":false},"author":1,"featured_media":0,"parent":0,"menu_order":0,"comment_status":"closed","ping_status":"closed","template":"100-width.php","meta":{"footnotes":""},"class_list":["post-8263","page","type-page","status-publish","hentry"],"acf":[],"_links":{"self":[{"href":"http:\/\/quirustetic.com\/index.php\/wp-json\/wp\/v2\/pages\/8263","targetHints":{"allow":["GET"]}}],"collection":[{"href":"http:\/\/quirustetic.com\/index.php\/wp-json\/wp\/v2\/pages"}],"about":[{"href":"http:\/\/quirustetic.com\/index.php\/wp-json\/wp\/v2\/types\/page"}],"author":[{"embeddable":true,"href":"http:\/\/quirustetic.com\/index.php\/wp-json\/wp\/v2\/users\/1"}],"replies":[{"embeddable":true,"href":"http:\/\/quirustetic.com\/index.php\/wp-json\/wp\/v2\/comments?post=8263"}],"version-history":[{"count":6,"href":"http:\/\/quirustetic.com\/index.php\/wp-json\/wp\/v2\/pages\/8263\/revisions"}],"predecessor-version":[{"id":8285,"href":"http:\/\/quirustetic.com\/index.php\/wp-json\/wp\/v2\/pages\/8263\/revisions\/8285"}],"wp:attachment":[{"href":"http:\/\/quirustetic.com\/index.php\/wp-json\/wp\/v2\/media?parent=8263"}],"curies":[{"name":"wp","href":"https:\/\/api.w.org\/{rel}","templated":true}]}}