{"id":8270,"date":"2024-04-02T01:16:38","date_gmt":"2024-04-02T01:16:38","guid":{"rendered":"https:\/\/quirustetic.com\/?page_id=8270"},"modified":"2024-04-02T01:17:53","modified_gmt":"2024-04-02T01:17:53","slug":"recomendaciones-pre-y-pos-quirurgicas","status":"publish","type":"page","link":"http:\/\/quirustetic.com\/index.php\/recomendaciones-pre-y-pos-quirurgicas\/","title":{"rendered":"Recomendaciones PRE y POS quir\u00fargicas"},"content":{"rendered":"<p><div class=\"fusion-fullwidth fullwidth-box fusion-builder-row-1 fusion-flex-container fusion-parallax-none nonhundred-percent-fullwidth non-hundred-percent-height-scrolling lazyload\" style=\"--awb-border-radius-top-left:0px;--awb-border-radius-top-right:0px;--awb-border-radius-bottom-right:0px;--awb-border-radius-bottom-left:0px;--awb-padding-top:14%;--awb-padding-bottom:22%;--awb-background-image:linear-gradient(180deg, rgba(19,24,68,0.16) 0%,rgba(19,24,68,0.34) 100%);;--awb-background-size:cover;--awb-flex-wrap:wrap;\" data-bg=\"https:\/\/quirustetic.com\/wp-content\/uploads\/2024\/04\/close-up-doctor-with-mask-chec-scaled.jpg\" data-bg-gradient=\"linear-gradient(180deg, rgba(19,24,68,0.16) 0%,rgba(19,24,68,0.34) 100%)\" ><div class=\"fusion-builder-row fusion-row fusion-flex-align-items-stretch fusion-flex-content-wrap\" style=\"max-width:calc( 1280px + 0px );margin-left: calc(-0px \/ 2 );margin-right: calc(-0px \/ 2 );\"><div class=\"fusion-layout-column fusion_builder_column fusion-builder-column-0 fusion_builder_column_1_1 1_1 fusion-flex-column fusion-flex-align-self-flex-start fusion-column-no-min-height fusion-animated\" style=\"--awb-bg-size:cover;--awb-width-large:100%;--awb-margin-top-large:0px;--awb-spacing-right-large:0px;--awb-margin-bottom-large:20px;--awb-spacing-left-large:0px;--awb-width-medium:100%;--awb-spacing-right-medium:0px;--awb-spacing-left-medium:0px;--awb-width-small:100%;--awb-spacing-right-small:0px;--awb-spacing-left-small:0px;\" data-animationType=\"fadeInDown\" data-animationDuration=\"1.0\" data-animationOffset=\"top-into-view\"><div class=\"fusion-column-wrapper fusion-column-has-shadow fusion-flex-justify-content-flex-start fusion-content-layout-column\"><div class=\"fusion-title title fusion-title-1 fusion-sep-none fusion-title-center fusion-title-text fusion-title-size-one\" style=\"--awb-text-color:var(--awb-color1);--awb-margin-top:15px;--awb-font-size:55px;\"><h1 class=\"fusion-title-heading title-heading-center fusion-responsive-typography-calculated\" style=\"font-family:Georgia, serif;font-style:normal;font-weight:400;margin:0;font-size:1em;letter-spacing:0.005em;text-transform:none;--fontSize:55;line-height:1.2;\"><p class=\"elementor-heading-title elementor-size-default\">Recomendaciones PRE y POS quir\u00fargicas<\/p><\/h1><\/div><\/div><\/div><\/div><\/div><div class=\"fusion-fullwidth fullwidth-box fusion-builder-row-2 fusion-flex-container has-pattern-background has-mask-background nonhundred-percent-fullwidth non-hundred-percent-height-scrolling\" style=\"--awb-border-radius-top-left:0px;--awb-border-radius-top-right:0px;--awb-border-radius-bottom-right:0px;--awb-border-radius-bottom-left:0px;--awb-flex-wrap:wrap;\" ><div class=\"fusion-builder-row fusion-row fusion-flex-align-items-flex-start fusion-flex-content-wrap\" style=\"max-width:1331.2px;margin-left: calc(-4% \/ 2 );margin-right: calc(-4% \/ 2 );\"><div class=\"fusion-layout-column fusion_builder_column fusion-builder-column-1 fusion_builder_column_1_1 1_1 fusion-flex-column\" style=\"--awb-bg-size:cover;--awb-width-large:100%;--awb-margin-top-large:0px;--awb-spacing-right-large:1.92%;--awb-margin-bottom-large:20px;--awb-spacing-left-large:1.92%;--awb-width-medium:100%;--awb-order-medium:0;--awb-spacing-right-medium:1.92%;--awb-spacing-left-medium:1.92%;--awb-width-small:100%;--awb-order-small:0;--awb-spacing-right-small:1.92%;--awb-spacing-left-small:1.92%;\"><div class=\"fusion-column-wrapper fusion-column-has-shadow fusion-flex-justify-content-flex-start fusion-content-layout-column\"><div class=\"fusion-separator\" style=\"align-self: center;margin-left: auto;margin-right: auto;margin-top:-1px;width:100%;max-width:1920px;\"><div class=\"fusion-separator-border sep-single sep-solid\" style=\"--awb-height:20px;--awb-amount:20px;--awb-sep-color:var(--awb-custom_color_1);border-color:var(--awb-custom_color_1);border-top-width:6px;\"><\/div><\/div><\/div><\/div><\/div><\/div><div class=\"fusion-fullwidth fullwidth-box fusion-builder-row-3 fusion-flex-container has-pattern-background has-mask-background nonhundred-percent-fullwidth non-hundred-percent-height-scrolling\" style=\"--awb-border-radius-top-left:0px;--awb-border-radius-top-right:0px;--awb-border-radius-bottom-right:0px;--awb-border-radius-bottom-left:0px;--awb-padding-top:50px;--awb-padding-bottom:58px;--awb-flex-wrap:wrap;\" ><div class=\"fusion-builder-row fusion-row fusion-flex-align-items-flex-start fusion-flex-content-wrap\" style=\"max-width:1331.2px;margin-left: calc(-4% \/ 2 );margin-right: calc(-4% \/ 2 );\"><div class=\"fusion-layout-column fusion_builder_column fusion-builder-column-2 fusion-flex-column fusion-animated\" style=\"--awb-bg-size:cover;--awb-width-large:55%;--awb-margin-top-large:0px;--awb-spacing-right-large:3.4909090909091%;--awb-margin-bottom-large:0px;--awb-spacing-left-large:3.4909090909091%;--awb-width-medium:100%;--awb-order-medium:0;--awb-spacing-right-medium:1.92%;--awb-spacing-left-medium:1.92%;--awb-width-small:100%;--awb-order-small:2;--awb-spacing-right-small:1.92%;--awb-spacing-left-small:1.92%;\" data-animationType=\"fadeInLeft\" data-animationDuration=\"1.5\" data-animationDelay=\"0.5\" data-animationOffset=\"top-into-view\"><div class=\"fusion-column-wrapper fusion-column-has-shadow fusion-flex-justify-content-flex-start fusion-content-layout-column\"><div class=\"fusion-image-element \" style=\"--awb-aspect-ratio: 100 \/ 73;--awb-caption-title-font-family:var(--h2_typography-font-family);--awb-caption-title-font-weight:var(--h2_typography-font-weight);--awb-caption-title-font-style:var(--h2_typography-font-style);--awb-caption-title-size:var(--h2_typography-font-size);--awb-caption-title-transform:var(--h2_typography-text-transform);--awb-caption-title-line-height:var(--h2_typography-line-height);--awb-caption-title-letter-spacing:var(--h2_typography-letter-spacing);\"><span class=\" fusion-imageframe imageframe-none imageframe-1 hover-type-none has-aspect-ratio\"><img decoding=\"async\" width=\"1512\" height=\"1512\" title=\"IMG_8877\" src=\"http:\/\/quirustetic.com\/wp-content\/uploads\/2024\/04\/IMG_8877.png\" data-orig-src=\"https:\/\/quirustetic.com\/wp-content\/uploads\/2024\/04\/IMG_8877.png\" class=\"lazyload img-responsive wp-image-8156 img-with-aspect-ratio\" alt srcset=\"data:image\/svg+xml,%3Csvg%20xmlns%3D%27http%3A%2F%2Fwww.w3.org%2F2000%2Fsvg%27%20width%3D%271512%27%20height%3D%271512%27%20viewBox%3D%270%200%201512%201512%27%3E%3Crect%20width%3D%271512%27%20height%3D%271512%27%20fill-opacity%3D%220%22%2F%3E%3C%2Fsvg%3E\" data-srcset=\"http:\/\/quirustetic.com\/wp-content\/uploads\/2024\/04\/IMG_8877-200x200.png 200w, http:\/\/quirustetic.com\/wp-content\/uploads\/2024\/04\/IMG_8877-400x400.png 400w, http:\/\/quirustetic.com\/wp-content\/uploads\/2024\/04\/IMG_8877-600x600.png 600w, http:\/\/quirustetic.com\/wp-content\/uploads\/2024\/04\/IMG_8877-800x800.png 800w, http:\/\/quirustetic.com\/wp-content\/uploads\/2024\/04\/IMG_8877-1200x1200.png 1200w, http:\/\/quirustetic.com\/wp-content\/uploads\/2024\/04\/IMG_8877.png 1512w\" data-sizes=\"auto\" data-orig-sizes=\"(max-width: 1024px) 100vw, (max-width: 640px) 100vw, 800px\" \/><\/span><\/div><\/div><\/div><div class=\"fusion-layout-column fusion_builder_column fusion-builder-column-3 fusion-flex-column fusion-flex-align-self-center\" style=\"--awb-padding-bottom-small:40px;--awb-bg-size:cover;--awb-width-large:45%;--awb-margin-top-large:0px;--awb-spacing-right-large:4.2666666666667%;--awb-margin-bottom-large:0px;--awb-spacing-left-large:4.2666666666667%;--awb-width-medium:100%;--awb-order-medium:0;--awb-spacing-right-medium:1.92%;--awb-spacing-left-medium:1.92%;--awb-width-small:100%;--awb-order-small:1;--awb-spacing-right-small:1.92%;--awb-spacing-left-small:1.92%;\"><div class=\"fusion-column-wrapper fusion-column-has-shadow fusion-flex-justify-content-flex-start fusion-content-layout-column\"><div class=\"fusion-text fusion-text-1\" style=\"--awb-font-size:18px;--awb-line-height:1.8;--awb-letter-spacing:0.005em;--awb-text-transform:var(--awb-typography4-text-transform);--awb-text-color:#404040;--awb-text-font-family:&quot;Outfit&quot;;--awb-text-font-style:normal;--awb-text-font-weight:300;\"><p>Todo paciente que se va a realizar un procedimiento quir\u00fargico en la&nbsp;<strong>IPS QUIRUSTETIC&nbsp;<\/strong>debe tener en cuenta la siguiente informaci\u00f3n:<\/p>\n<\/div><\/div><\/div><\/div><\/div><div class=\"fusion-fullwidth fullwidth-box fusion-builder-row-4 fusion-flex-container nonhundred-percent-fullwidth non-hundred-percent-height-scrolling\" style=\"--awb-border-radius-top-left:0px;--awb-border-radius-top-right:0px;--awb-border-radius-bottom-right:0px;--awb-border-radius-bottom-left:0px;--awb-padding-top:6%;--awb-padding-bottom:4%;--awb-flex-wrap:wrap;\" ><div class=\"fusion-builder-row fusion-row fusion-flex-align-items-flex-start fusion-flex-content-wrap\" style=\"max-width:1331.2px;margin-left: calc(-4% \/ 2 );margin-right: calc(-4% \/ 2 );\"><div class=\"fusion-layout-column fusion_builder_column fusion-builder-column-4 fusion_builder_column_1_1 1_1 fusion-flex-column fusion-animated\" style=\"--awb-padding-right:60px;--awb-padding-left:60px;--awb-bg-size:cover;--awb-width-large:100%;--awb-margin-top-large:0px;--awb-spacing-right-large:1.92%;--awb-margin-bottom-large:20px;--awb-spacing-left-large:1.92%;--awb-width-medium:100%;--awb-spacing-right-medium:1.92%;--awb-spacing-left-medium:1.92%;--awb-width-small:100%;--awb-spacing-right-small:1.92%;--awb-spacing-left-small:1.92%;\" data-animationType=\"fadeInDown\" data-animationDuration=\"1.0\" data-animationOffset=\"top-into-view\"><div class=\"fusion-column-wrapper fusion-column-has-shadow fusion-flex-justify-content-flex-start fusion-content-layout-column\"><div class=\"fusion-text fusion-text-2\" style=\"--awb-font-size:18px;--awb-line-height:1.8;--awb-letter-spacing:0.005em;--awb-text-transform:var(--awb-typography4-text-transform);--awb-text-color:#404040;--awb-text-font-family:&quot;Outfit&quot;;--awb-text-font-style:normal;--awb-text-font-weight:300;\"><ul>\n<li>Tener una consulta con un especialista que confirma la indicaci\u00f3n de llevarse a cabo una cirug\u00eda pl\u00e1stica y est\u00e9tica.<\/li>\n<li>Tener una valoraci\u00f3n anest\u00e9sica como m\u00ednimo un d\u00eda antes de la cirug\u00eda para valorar su estado de salud y clasificarlo como paciente apto para la cirug\u00eda.<\/li>\n<li>Programar su cirug\u00eda de acuerdo con los procedimientos y con el equipo quir\u00fargico que los va a realizar.<\/li>\n<li>Debe comunicarse con la cl\u00ednica para que le den las indicaciones necesarias para llevar a cabo la cirug\u00eda el d\u00eda programado. Algunas son: No usar en las 2 semanas anteriores a la cirug\u00eda medicamentos a base de ASA (aspirina), anticoagulantes, corticoides de uso prolongado o medicamentos. Abstenerse de fumar o disminuir el n\u00famero de cigarrillos d\u00eda antes de la operaci\u00f3n.<\/li>\n<li>El d\u00eda de la cirug\u00eda debe tener el documento de identificaci\u00f3n que tenga foto y venir siempre con un acompa\u00f1ante, para sentirse c\u00f3modo y tranquilo.<\/li>\n<li>Debe presentarse en la Cl\u00ednica, una hora antes de la cirug\u00eda, con un ayuno absoluto mayor de 6 horas (no comer alimentos s\u00f3lidos pesados).<\/li>\n<li>Consentimiento informado: todos los pacientes deber\u00e1n firmar su aceptaci\u00f3n voluntaria del procedimiento anest\u00e9sico, quir\u00fargico y de enfermer\u00eda, luego de las pertinentes explicaciones e informaci\u00f3n verbal y escrita.<\/li>\n<li>A todos los pacientes se les prescribe antibi\u00f3ticos desde el d\u00eda anterior hasta 6 d\u00edas despu\u00e9s, en la forma y dosis en que el m\u00e9dico o equipo quir\u00fargico tratante lo disponga.<\/li>\n<li>Al terminar su cirug\u00eda pasa a recuperaci\u00f3n, en donde permanece hasta que haya estabilidad hemodin\u00e1mica, movilidad y sensibilidad adecuada, se encuentre alerta y con sus reflejos normales. Una vez se logre esto puede ser dado de alta, previa prescripci\u00f3n de analg\u00e9sicos y recomendaciones como citas de control.<\/li>\n<li>Podr\u00e1 irse de la Cl\u00ednica siempre en compa\u00f1\u00eda de un adulto responsable, en taxi, veh\u00edculo particular que no sea conducido por el mismo paciente o en ambulancia ya sea por decisi\u00f3n previa del paciente o por recomendaci\u00f3n del equipo quir\u00fargico tratante.<\/li>\n<li>Cada procedimiento realizado en la IPS QUIRUSTETIC tiene unas recomendaciones particulares a las cuales puede acceder.<\/li>\n<li>Es importante que luego de una intervenci\u00f3n quir\u00fargica siga las indicaciones dadas por su m\u00e9dico. La deambulaci\u00f3n precoz y el acompa\u00f1amiento permanente por una persona es muy importante durante su recuperaci\u00f3n.<\/li>\n<li>Solicite siempre su primera revisi\u00f3n durante los primeros 3 d\u00edas postoperatorios, luego continuar\u00e1 asistiendo a la consulta con su m\u00e9dico tratante seg\u00fan como \u00e9l se lo indique.<\/li>\n<li>Si usted identifica algunos signos de alarma por favor comun\u00edquese con su equipo quir\u00fargico para que lo orienten y si no se puede comunicar con ellos llame a la IPS QUIRUSTETIC para poder atender su situaci\u00f3n.<\/li>\n<li>Signos de alarma: Sangrado copioso, variaciones volum\u00e9tricas exageradas unilaterales o bilaterales, dolor intenso, rubor, eritema y calor en zonas quir\u00fargicas, hematomas.<\/li>\n<li>En caso de fuerza mayor, el paciente podr\u00e1 ser trasladado a una instituci\u00f3n de 3er nivel o sea de complejidad mayor para ex\u00e1menes de laboratorio, hospitalizaci\u00f3n o valoraci\u00f3n por otra especialidad. La IPS QUIRUSTETIC cuenta con un convenio interinstitucional.<\/li>\n<\/ul>\n<\/div><\/div><\/div><\/div><\/div><\/p>\n","protected":false},"excerpt":{"rendered":"","protected":false},"author":1,"featured_media":0,"parent":0,"menu_order":0,"comment_status":"closed","ping_status":"closed","template":"100-width.php","meta":{"footnotes":""},"class_list":["post-8270","page","type-page","status-publish","hentry"],"acf":[],"_links":{"self":[{"href":"http:\/\/quirustetic.com\/index.php\/wp-json\/wp\/v2\/pages\/8270","targetHints":{"allow":["GET"]}}],"collection":[{"href":"http:\/\/quirustetic.com\/index.php\/wp-json\/wp\/v2\/pages"}],"about":[{"href":"http:\/\/quirustetic.com\/index.php\/wp-json\/wp\/v2\/types\/page"}],"author":[{"embeddable":true,"href":"http:\/\/quirustetic.com\/index.php\/wp-json\/wp\/v2\/users\/1"}],"replies":[{"embeddable":true,"href":"http:\/\/quirustetic.com\/index.php\/wp-json\/wp\/v2\/comments?post=8270"}],"version-history":[{"count":2,"href":"http:\/\/quirustetic.com\/index.php\/wp-json\/wp\/v2\/pages\/8270\/revisions"}],"predecessor-version":[{"id":8272,"href":"http:\/\/quirustetic.com\/index.php\/wp-json\/wp\/v2\/pages\/8270\/revisions\/8272"}],"wp:attachment":[{"href":"http:\/\/quirustetic.com\/index.php\/wp-json\/wp\/v2\/media?parent=8270"}],"curies":[{"name":"wp","href":"https:\/\/api.w.org\/{rel}","templated":true}]}}